154347 composite?
False
Is 637283627 a composite number?
False
Is 72129191 a prime number?
True
Is 627773 prime?
True
Is 79269193 prime?
True
Is 27009799 a prime number?
True
Is 1119523 prime?
True
Is 1971205 a composite number?
True
Is 726782005 a prime number?
False
Is 27302573 a prime number?
True
Is 4301449 a composite number?
False
Is 1573724717 composite?
False
Is 470467 a composite number?
True
Is 1210123 composite?
False
Is 270327683 prime?
True
Is 5423674 a prime number?
False
Is 274451 prime?
True
Is 19975981 composite?
False
Is 7244021 a composite number?
False
Is 36032701 a composite number?
False
Is 16053419 composite?
False
Is 128620357 a composite number?
True
Is 14195803 prime?
False
Is 11141969 prime?
True
Is 1570543 a prime number?
False
Is 3962081 composite?
False
Is 75027193 a prime number?
True
Is 23861611 a composite number?
True
Is 1416847 a prime number?
False
Is 118151021 a prime number?
False
Is 1821811 a prime number?
False
Is 96398063 composite?
True
Is 1776389 a prime number?
True
Is 539947 a prime number?
True
Is 51342809 a prime number?
False
Is 21425671 composite?
False
Is 100163831 composite?
False
Is 105128267 composite?
False
Is 4917011 a prime number?
False
Is 183346651 a composite number?
False
Is 50509859 a composite number?
False
Is 385709 a composite number?
False
Is 65995907 composite?
False
Is 128756261 prime?
True
Is 43367059 a prime number?
True
Is 12791839 a prime number?
False
Is 45085049 a composite number?
True
Is 821291 a prime number?
True
Is 2499223 prime?
False
Is 84982661 prime?
True
Is 17256773 composite?
False
Is 30121849 a prime number?
False
Is 4723561 composite?
False
Is 38234177 a prime number?
True
Is 11481451 composite?
False
Is 285301 prime?
True
Is 8359909 a composite number?
True
Is 349621 prime?
False
Is 8869258 prime?
False
Is 950605 prime?
False
Is 3972689 composite?
True
Is 165914557 a prime number?
True
Is 1305869 composite?
False
Is 15470531 composite?
False
Is 22691369 a prime number?
False
Is 1016887 prime?
False
Is 13039673 prime?
True
Is 5437139 a composite number?
False
Is 14132191 a composite number?
False
Is 191814241 composite?
False
Is 12633703 a composite number?
True
Is 38642917 composite?
True
Is 3847759 composite?
True
Is 31749521 composite?
True
Is 16464917 a composite number?
True
Is 5691211 a composite number?
False
Is 5501711 composite?
True
Is 99331959 a composite number?
True
Is 13260053 composite?
False
Is 6966877 a composite number?
True
Is 38259677 prime?
True
Is 3364951 prime?
True
Is 207115567 a prime number?
True
Is 5747611 prime?
True
Is 1365671 prime?
False
Is 68158673 a composite number?
True
Is 153623 composite?
False
Is 146449943 composite?
False
Is 5957509 a prime number?
True
Is 252647 prime?
False
Is 920191 composite?
True
Is 304142639 prime?
False
Is 7912211 a composite number?
True
Is 1047859 a composite number?
False
Is 35369603 prime?
False
Is 5268799 a composite number?
True
Is 2634083 prime?
True
Is 6333277 a prime number?
True
Is 9189697 a prime number?
False
Is 4804687 a composite number?
True
Is 561487 prime?
False
Is 10419443 a composite number?
False
Is 36546677 a composite number?
True
Is 4024091 prime?
True
Is 32355467 prime?
True
Is 89158277 a prime number?
False
Is 668901 a prime number?
False
Is 97398019 a prime number?
True
Is 12541967 a composite number?
False
Is 1965679 prime?
False
Is 51167063 a composite number?
False
Is 61031578 prime?
False
Is 35681353 composite?
True
Is 24314237 a prime number?
True
Is 89671847 prime?
True
Is 10079327 prime?
False
Is 1778137 a prime number?
True
Is 20653877 a prime number?
True
Is 374290909 composite?
False
Is 5632577 composite?
True
Is 465612811 a composite number?
True
Is 3788677 prime?
False
Is 8382349 composite?
False
Is 1558583 a composite number?
True
Is 14969153 a prime number?
False
Is 23099367 prime?
False
Is 69436091 a composite number?
True
Is 216331 prime?
False
Is 29821447 a prime number?
False
Is 19567601 prime?
False
Is 2135447 composite?
False
Is 44116661 composite?
False
Is 454379 composite?
False
Is 33541427 a composite number?
False
Is 5385319 composite?
False
Is 50398757 prime?
True
Is 99010543 a prime number?
False
Is 106531 prime?
True
Is 848233 prime?
False
Is 575762809 prime?
False
Is 60536159 prime?
True
Is 2114507 a prime number?
True
Is 65931 composite?
True
Is 42675647 a prime number?
False
Is 11415119 composite?
False
Is 577060171 a composite number?
False
Is 40570349 prime?
True
Is 481297 prime?
True
Is 125186449 prime?
True
Is 2058809 a prime number?
True
Is 350544151 prime?
True
Is 1345733 prime?
True
Is 2237791 a prime number?
False
Is 27026627 a prime number?
False
Is 1384589 prime?
False
Is 71830601 prime?
True
Is 64381929 a composite number?
True
Is 417570367 prime?
True
Is 10582169 composite?
True
Is 37102886 composite?
True
Is 6208303 a composite number?
False
Is 2140157 a prime number?
True
Is 51141301 a prime number?
False
Is 76709113 a prime number?
False
Is 96872803 prime?
False
Is 10256397 a prime number?
False
Is 1222203 prime?
False
Is 187155399 composite?
True
Is 520565 composite?
True
Is 81328843 prime?
True
Is 20497783 a prime number?
False
Is 1558331 a composite number?
True
Is 334861 composite?
False
Is 12333331 prime?
False
Is 3873983 prime?
True
Is 17342211 a prime number?
False
Is 13150471 composite?
False
Is 7076281 prime?
True
Is 137994781 a prime number?
True
Is 402635 a composite number?
True
Is 4922351 prime?
False
Is 1039886 composite?
True
Is 53671603 a composite number?
True
Is 700573127 a composite number?
True
Is 226751405 a composite number?
True
Is 462911 composite?
False
Is 11343077 a composite number?
True
Is 1767251 prime?
False
Is 656676065 composite?
True
Is 5415541 composite?
False
Is 23146177 prime?
True
Is 9486707 a composite number?
False
Is 51421354 composite?
True
Is 2300123 a prime number?
False
Is 342479 prime?
False
Is 2608763 composite?
False
Is 9597623 a prime number?
False
Is 4795051 composite?
False
Is 6102307 composite?
False
Is 135719 a composite number?
False
Is 52969277 composite?
False
Is 28807969 a composite number?
False
Is 5175661 a prime number?
True
Is 7488511 a prime number?
True
Is 9502547 composite?
False
Is 120270329 composite?
False
Is 107097533 a composite number?
False
Is 722896241 composite?
False
Is 68012597 a prime number?
False
Is 19788731 prime?
False
Is 24026617 composite?
True
Is 999697 a composite number?
True
Is 655507 composite?
False
Is 11293553 prime?
False
Is 89921449 composite?
True
Is 6812573 a prime number?
True
Is 1504577 a prime number?
False
Is 3435227 prime?
False
Is 59241739 a prime number?
True
Is 10345457 a prime number?
True
Is 38174 prime?
False
Is 1659491 a prime number?
True
Is 22944121 a composite number?
False
Is 2556331 a composite number?
False
Is 7489091 prime?
False
Is 38230009 composite?
False
Is 436220633 a composite number?
True
Is 9097831 composite?
False
Is 105509927 prime?
False
Is 33046709 prime?
False
Is 16037209 a prime number?
False
Is 16147343 a prime number?
False
Is 539193121 composite?
False
Is 150152369 composite?
True
Is 31246933 composite?
False
Is 3970609 composite?
True
Is 7958323 a prime number?
False
Is 7963019 composite?
True
Is 23778269 a composite number?
True
Is 538381 prime?
False
Is 58360307 prime?
True
Is 1516169741 composite?
False
Is 8198629 a composite number?
True
Is 7883891 prime?
True
Is 7147067 composite?
True
Is 26172989 prime?
False
Is 24680707 prime?
False
Is 128679701 prime?
False
Is 16087187 prime?
True
Is 820957 prime?
True
Is 237942097 composite?
False
Is 82028357 composite?
False
Is 7402557 a composite number?
True
Is 3776639 a composite number?
False
Is 121123 composite?
False
Is 31637041 composite?
False
Is 69469031 a prime number?
True
Is 11898973 composite?
False
Is 22380623 composite?
False
Is 26205607 prime?
True
Is 5490539 composite?
False
Is 464069 a prime number?
True
Is 52496099 a prime number?
True
Is 12307469 a prime number?
True
Is 22760071 a composite number?
True
Is 5029333 a prime number?
True
Is 25750693 prime?
False
Is 81329 composite?
True
Is 2116080761 composite?
False
Is 21465373 prime?
False
Is 18407 a composite number?
True
Is 40278241 composite?
False
Is 52158343 a prime number?
True
